{"id":582,"date":"2020-12-01T18:26:02","date_gmt":"2020-12-01T18:26:02","guid":{"rendered":"https:\/\/www.villabussy.fr\/?page_id=582"},"modified":"2026-04-13T22:09:22","modified_gmt":"2026-04-13T22:09:22","slug":"marmites-plaques-chauffantes","status":"publish","type":"page","link":"https:\/\/www.villabussy.fr\/?page_id=582","title":{"rendered":"Marmites &#038; Plaques chauffantes"},"content":{"rendered":"\n<style type=\"text\/css\">\n    div#infobulle{\n    \tbackground-color: #FFFFFF;\n    \tborder: 1px solid #555555;\n    \twidth: auto;\n    \tmax-width: 50%;\n    \tpadding: 0px 3px 0px 3px;\n    \ttext-align: justify;\n    \tfont-size: 90%;\n    }\n    li img{\n    \twidth: 70%;\n      max-width: 80%;\n      text-align: center;\n    }\n    li a img:hover{\n      width: 70%;\n      max-width: 80%;\n      text-align: center;\n      border: 1px solid #333;\n    }\n  <\/style>\n  <script>\n\n  function loadPhoto(element, text){\n  \tvar is_ie = ((navigator.userAgent.toLowerCase().indexOf(\"msie\") != -1) && (navigator.userAgent.toLowerCase().indexOf(\"opera\") == -1));\n\n  \t\/\/Suppression du title de l'\u00e9l\u00e9ment pour \u00e9viter une superposition\n  \telement.title = '';\n\n  \t\/\/Cr\u00e9ation d'une div provisoire\n  \tvar infobulle = document.createElement('div');\n\n\n  \t\/\/infobulle.innerHTML = text;\n\n\n    infobulle.innerHTML =\"<img width='100%' src='\" + text + \"'><\/img>\";\n\n    infobulle.id = 'infobulle';\n  \tinfobulle.style.display = 'none';\n  \tinfobulle.style.opacity = '0';\n  \tinfobulle.style.filter = 'alpha(opacity=0)';\n  \tdocument.body.appendChild(infobulle);\n\n  \tinfobulle.style.position = 'absolute';\n  \tdocument.onmousemove = function(e){\n  \t\tx = (!is_ie ? e.pageX : event.x+document.documentElement.scrollLeft)+15;\n  \t\ty = (!is_ie ? e.pageY : event.y+document.documentElement.scrollTop)+15;\n\n  \t\tvar windowWidth = (!is_ie ? window.innerWidth : document.documentElement.clientWidth);\n  \t\tvar windowHeight = (!is_ie ? window.innerHeight : document.documentElement.clientHeight);\n  \t\tvar scrollLeft = document.documentElement.scrollLeft;\n  \t\tvar scrollTop = document.documentElement.scrollTop;\n\n  \t\t\/\/Calcul des dimensions de l'infobulle\n  \t\tinfobulle.style.display = '';\n  \t\tvar infoWidth = infobulle.offsetWidth;\n  \t\tvar infoHeight = infobulle.offsetHeight;\n  \t\tinfobulle.style.display = 'none';\n\n  \t\t\/*On v\u00e9rifie que l'infobulle ne sorte pas de la fen\u00eatre*\/\n  \t\tif((x+infoWidth) > (windowWidth+scrollLeft)){\n  \t\t\tx = (!is_ie ? e.pageX : event.x+document.documentElement.scrollLeft)-infoWidth-5;\n  \t\t}\n  \t\tif((y+infoHeight) > (windowHeight+scrollTop)){\n  \t\t\ty = (!is_ie ? e.pageY : event.y+document.documentElement.scrollTop)-infoHeight-5;\n  \t\t}\n\n  \t\tinfobulle.style.left = x+'px';\n  \t\tinfobulle.style.top = y+'px';\n  \t\tinfobulle.style.display = '';\n  \t}\n\n  \tfor(i=0; i<=100; i+=10){\n  \t\tvar time = ((i\/20)*30);\n  \t\tsetTimeout('opacity('+i+', \\'infobulle\\');', time);\n  \t}\n\n\n  \t\/\/Ajout de la fermeture lorsque la souris quitte l'\u00e9l\u00e9ment\n  \telement.onmouseout = function(){\n  \t\tfor(i=0; i<=100; i+=10){\n  \t\t\tvar time = ((i\/20)*30);\n  \t\t\tvar opacity = (100-i);\n  \t\t\tsetTimeout('opacity('+opacity+', \\'infobulle\\', 1);', time);\n  \t\t}\n  \t};\n\n  \t\/\/Fonction servant \u00e0 faire varier l'opacit\u00e9\n  \topacity = function(opacity, id, close){\n  \t\t\tvar infobulle = document.getElementById(id);\n  \t\t\tinfobulle.style.opacity = (opacity\/100);\n  \t\t\tinfobulle.style.filter = 'alpha(opacity='+opacity+')';\n  \t\t\tif(opacity == 0 &#038;&#038; close){\n  \t\t\t\tdocument.body.removeChild(infobulle); \/\/Suppression de la div provisoire\n  \t\t\t\tdocument.onmousemove = '';\n  \t\t\t}\n  \t}\n  }\n\n\n  <\/script>\n\n  <div id=\"listePlats\" style=\"text-align:center;\">\n    <ul id=\"selectionPlats\" class=\"affichePlats\">\n      <li id=\"B00\"><img decoding=\"async\" src=\"https:\/\/www.villabussy.fr\/wp-content\/uploads\/2020\/12\/07-MenuPage07-Marmites-Plaques-Chauffantes-B00.png\" alt=\"Marmites &amp; Plaques chauffantes\"><\/li>\n<li id=\"message\"><p style=\"color:red;font-size:120%;\"><strong>Suppl\u00e9ment viandes 5\u20ac ou raviolis 2\u20ac \/ Bouillon sur place 1.5\u20ac ou \u00e0 emporter 2\u20ac<\/strong><\/p><\/li>\n      <li id=\"B0\"><img decoding=\"async\" src=\"https:\/\/www.villabussy.fr\/wp-content\/uploads\/2020\/12\/07-MenuPage07-Marmites-Plaques-Chauffantes-B0.png\" alt=\"Marmites\"><\/li>\n      <li id=\"B1\"><img decoding=\"async\" src=\"https:\/\/www.villabussy.fr\/wp-content\/uploads\/2020\/12\/07-MenuPage07-Marmites-Plaques-Chauffantes-B1.png\" alt=\"B1 - Marmite aux p\u00e2tes de soja et aux viandes vari\u00e9es\"><\/li>\n      <li id=\"B3\"><img decoding=\"async\" src=\"https:\/\/www.villabussy.fr\/wp-content\/uploads\/2020\/12\/07-MenuPage07-Marmites-Plaques-Chauffantes-B3.png\" alt=\"B3 - Marmite d\u2019aloyau et nerf de b\u0153uf du chef\"><\/li>\n      <li id=\"B4\"><img decoding=\"async\" src=\"https:\/\/www.villabussy.fr\/wp-content\/uploads\/2020\/12\/07-MenuPage07-Marmites-Plaques-Chauffantes-B4.png\" alt=\"B4 - Marmite de gambas aux vermicelles et au sat\u00e9\"><\/li>\n      <li id=\"B5\"><img decoding=\"async\" src=\"https:\/\/www.villabussy.fr\/wp-content\/uploads\/2020\/12\/07-MenuPage07-Marmites-Plaques-Chauffantes-B5.png\" alt=\"B5 - Marmite aux p\u00e2tes de soja et au poisson sal\u00e9 et poulet\"><\/li>\n      <li id=\"B6\"><img decoding=\"async\" src=\"https:\/\/www.villabussy.fr\/wp-content\/uploads\/2020\/12\/07-MenuPage07-Marmites-Plaques-Chauffantes-B6.png\" alt=\"B6 - Marmite de p\u00e2tes de soja\"><\/li>\n      <li id=\"B7\"><img decoding=\"async\" src=\"https:\/\/www.villabussy.fr\/wp-content\/uploads\/2022\/02\/07-MenuPage07-Marmites-Plaques-Chauffantes-B7.png\" alt=\"B7 - Marmite de poitrine de porc aux l\u00e9gumes secs\"><\/li>\n      <li id=\"B9\"><img decoding=\"async\" src=\"https:\/\/www.villabussy.fr\/wp-content\/uploads\/2020\/12\/07-MenuPage07-Marmites-Plaques-Chauffantes-B9.png\" alt=\"B9 - Marmite de riz au porc fum\u00e9\"><\/li>\n      <li id=\"B10\"><img decoding=\"async\" src=\"https:\/\/www.villabussy.fr\/wp-content\/uploads\/2022\/02\/07-MenuPage07-Marmites-Plaques-Chauffantes-B10.png\" alt=\"B10 - Marmite de l\u00e9gumes vari\u00e9s\"><\/li>\n      <li id=\"B11\"><img decoding=\"async\" src=\"https:\/\/www.villabussy.fr\/wp-content\/uploads\/2020\/12\/07-MenuPage07-Marmites-Plaques-Chauffantes-B11.png\" alt=\"B11 - Marmite de poitrine de mouton du chef\"><\/li>\n      <li id=\"B12\"><img decoding=\"async\" src=\"https:\/\/www.villabussy.fr\/wp-content\/uploads\/2022\/02\/07-MenuPage07-Marmites-Plaques-Chauffantes-B12.png\" alt=\"B12 - Marmite de poulet au curry\"><\/li>\n      <li id=\"B13\"><img decoding=\"async\" src=\"https:\/\/www.villabussy.fr\/wp-content\/uploads\/2022\/02\/07-MenuPage07-Marmites-Plaques-Chauffantes-B13.png\" alt=\"B13 - Marmite aux aubergines, porc et poisson sal\u00e9\"><\/li>\n      <li id=\"N0\"><img decoding=\"async\" src=\"https:\/\/www.villabussy.fr\/wp-content\/uploads\/2020\/12\/07-MenuPage07-Marmites-Plaques-Chauffantes-N0.png\" alt=\"Plaques chauffantes\"><\/li>\n      <li id=\"N1\"><a style=\"text-decoration: none;color: black;\" href=\"\" onclick=\"return false\" onmouseover=\"loadPhoto(this,&quot;https:\/\/www.villabussy.fr\/wp-content\/uploads\/2020\/12\/Restaurant-VillaBussy-N1-filet-de-boeuf-saute-au-poivre-noir-scaled.jpg&quot;)\"><img decoding=\"async\" src=\"https:\/\/www.villabussy.fr\/wp-content\/uploads\/2022\/02\/07-MenuPage07-Marmites-Plaques-Chauffantes-N1.png\" alt=\"N1 - Filet de b\u0153uf saut\u00e9 au poivre noir\"><\/a><\/li>\n      <li id=\"N2\"><img decoding=\"async\" src=\"https:\/\/www.villabussy.fr\/wp-content\/uploads\/2022\/02\/07-MenuPage07-Marmites-Plaques-Chauffantes-N2.png\" alt=\"N2 - Agneau saut\u00e9 au poivre noir\"><\/li>\n      <li id=\"N3\"><img decoding=\"async\" src=\"https:\/\/www.villabussy.fr\/wp-content\/uploads\/2022\/02\/07-MenuPage07-Marmites-Plaques-Chauffantes-N3.png\" alt=\"N3 - Canard saut\u00e9 au poivre noir\"><\/li>\n      <li id=\"N4\"><img decoding=\"async\" src=\"https:\/\/www.villabussy.fr\/wp-content\/uploads\/2020\/12\/07-MenuPage07-Marmites-Plaques-Chauffantes-N4.png\" alt=\"N4 - Gambas au sel et au poivre noir\"><\/li>\n      <li id=\"N5\"><img decoding=\"async\" src=\"https:\/\/www.villabussy.fr\/wp-content\/uploads\/2020\/12\/07-MenuPage07-Marmites-Plaques-Chauffantes-N5.png\" alt=\"N5 - Fruits de mer saut\u00e9s au basilic\"><\/li>\n      <li id=\"N6\"><img decoding=\"async\" src=\"https:\/\/www.villabussy.fr\/wp-content\/uploads\/2020\/12\/07-MenuPage07-Marmites-Plaques-Chauffantes-N6.png\" alt=\"N6 - Filet de lotte saut\u00e9 au basilic\"><\/li>\n      <li id=\"N7\"><a style=\"text-decoration: none;color: black;\" href=\"\" onclick=\"return false\" onmouseover=\"loadPhoto(this,&quot;https:\/\/www.villabussy.fr\/wp-content\/uploads\/2020\/11\/Restaurant-VillaBussy-N7-cubes-de-boeuf-saute\u0301-au-poivre-noir-scaled.jpg&quot;)\"><img decoding=\"async\" src=\"https:\/\/www.villabussy.fr\/wp-content\/uploads\/2020\/12\/07-MenuPage07-Marmites-Plaques-Chauffantes-N7.png\" alt=\"N7 - Cube de b\u0153uf saut\u00e9 au poivre noir\"><\/a><\/li>\n    <\/ul>\n  <\/div>\n\n\n\n<p class=\"has-text-align-center has-large-font-size\"><a href=\"https:\/\/www.villabussy.fr\/?page_id=556\">&lt;<\/a>   <a href=\"https:\/\/www.villabussy.fr\/?page_id=611\">&gt;<\/a><\/p>\n","protected":false},"excerpt":{"rendered":"<p>Suppl\u00e9ment viandes 5\u20ac ou raviolis 2\u20ac \/ Bouillon sur place 1.5\u20ac ou \u00e0 emporter 2\u20ac &lt; &gt;<\/p>\n","protected":false},"author":1,"featured_media":0,"parent":0,"menu_order":0,"comment_status":"closed","ping_status":"closed","template":"","meta":{"pagelayer_contact_templates":[],"_pagelayer_content":"","footnotes":""},"class_list":["post-582","page","type-page","status-publish","hentry"],"_links":{"self":[{"href":"https:\/\/www.villabussy.fr\/index.php?rest_route=\/wp\/v2\/pages\/582","targetHints":{"allow":["GET"]}}],"collection":[{"href":"https:\/\/www.villabussy.fr\/index.php?rest_route=\/wp\/v2\/pages"}],"about":[{"href":"https:\/\/www.villabussy.fr\/index.php?rest_route=\/wp\/v2\/types\/page"}],"author":[{"embeddable":true,"href":"https:\/\/www.villabussy.fr\/index.php?rest_route=\/wp\/v2\/users\/1"}],"replies":[{"embeddable":true,"href":"https:\/\/www.villabussy.fr\/index.php?rest_route=%2Fwp%2Fv2%2Fcomments&post=582"}],"version-history":[{"count":13,"href":"https:\/\/www.villabussy.fr\/index.php?rest_route=\/wp\/v2\/pages\/582\/revisions"}],"predecessor-version":[{"id":1050,"href":"https:\/\/www.villabussy.fr\/index.php?rest_route=\/wp\/v2\/pages\/582\/revisions\/1050"}],"wp:attachment":[{"href":"https:\/\/www.villabussy.fr\/index.php?rest_route=%2Fwp%2Fv2%2Fmedia&parent=582"}],"curies":[{"name":"wp","href":"https:\/\/api.w.org\/{rel}","templated":true}]}}